{"id":1380,"date":"2016-05-17T13:12:38","date_gmt":"2016-05-17T11:12:38","guid":{"rendered":"http:\/\/gabbasisi.com\/?page_id=1380"},"modified":"2018-01-29T10:57:49","modified_gmt":"2018-01-29T09:57:49","slug":"certificazione-iso-9001","status":"publish","type":"page","link":"https:\/\/www.acquaenna.it\/index.php\/qualita-dellacqua\/certificazione-iso-9001\/","title":{"rendered":"Certificazione ISO 9001"},"content":{"rendered":"<p style=\"text-align: justify\">\u00c8 la norma che definisce i requisiti di un sistema di gestione per la qualit\u00e0 di una organizzazione, attualmente utilizzata da pi\u00f9 di un milione di aziende in 170 Paesi diversi, costituisce lo standard non solo per i sistemi di gestione della qualit\u00e0, ma per i sistemi di gestione in genere. Grazie a questa, il cliente finale pu\u00f2 aver piena fiducia sul fatto che i servizi e i prodotti immessi sul mercato corrispondano a determinate specifiche e che tutte le fasi relative alla loro realizzazione siano ripercorribili e verificabili.<\/p>\n<p><a href=\"\/wp-content\/uploads\/2016\/05\/Certificato-Acquaenna-SCPA-ISO-9001.pdf\">Clicca qui per visualizzare il Certificato ISO 9001:2015<\/a><\/p>\n","protected":false},"excerpt":{"rendered":"<p>\u00c8 la norma che definisce i requisiti di un sistema di gestione per la qualit\u00e0 di una organizzazione, attualmente utilizzata da pi\u00f9 di un milione di aziende in 170 Paesi diversi, costituisce lo standard non solo per i sistemi di&hellip;<\/p>\n<p class=\"more-link-p\"><a class=\"more-link\" href=\"https:\/\/www.acquaenna.it\/index.php\/qualita-dellacqua\/certificazione-iso-9001\/\">Read more &rarr;<\/a><\/p>\n","protected":false},"author":3,"featured_media":0,"parent":762,"menu_order":3,"comment_status":"closed","ping_status":"closed","template":"","meta":{"footnotes":""},"class_list":["post-1380","page","type-page","status-publish","hentry"],"publishpress_future_action":{"enabled":false,"date":"2026-05-14 03:30:52","action":"change-status","newStatus":"draft","terms":[],"taxonomy":""},"_links":{"self":[{"href":"https:\/\/www.acquaenna.it\/index.php\/wp-json\/wp\/v2\/pages\/1380","targetHints":{"allow":["GET"]}}],"collection":[{"href":"https:\/\/www.acquaenna.it\/index.php\/wp-json\/wp\/v2\/pages"}],"about":[{"href":"https:\/\/www.acquaenna.it\/index.php\/wp-json\/wp\/v2\/types\/page"}],"author":[{"embeddable":true,"href":"https:\/\/www.acquaenna.it\/index.php\/wp-json\/wp\/v2\/users\/3"}],"replies":[{"embeddable":true,"href":"https:\/\/www.acquaenna.it\/index.php\/wp-json\/wp\/v2\/comments?post=1380"}],"version-history":[{"count":4,"href":"https:\/\/www.acquaenna.it\/index.php\/wp-json\/wp\/v2\/pages\/1380\/revisions"}],"predecessor-version":[{"id":1883,"href":"https:\/\/www.acquaenna.it\/index.php\/wp-json\/wp\/v2\/pages\/1380\/revisions\/1883"}],"up":[{"embeddable":true,"href":"https:\/\/www.acquaenna.it\/index.php\/wp-json\/wp\/v2\/pages\/762"}],"wp:attachment":[{"href":"https:\/\/www.acquaenna.it\/index.php\/wp-json\/wp\/v2\/media?parent=1380"}],"curies":[{"name":"wp","href":"https:\/\/api.w.org\/{rel}","templated":true}]}}