{"id":5553,"date":"2026-03-31T10:07:29","date_gmt":"2026-03-31T08:07:29","guid":{"rendered":"https:\/\/www.acquaenna.it\/?page_id=5553"},"modified":"2026-03-31T10:53:01","modified_gmt":"2026-03-31T08:53:01","slug":"whistleblowing","status":"publish","type":"page","link":"https:\/\/www.acquaenna.it\/index.php\/whistleblowing\/","title":{"rendered":"Whistleblowing"},"content":{"rendered":"\n<p class=\"has-black-color has-text-color has-link-color wp-elements-515ff33db22e016f17866cc65e1424af\"><strong>Riferimenti Normativi<\/strong><\/p>\n\n\n\n<p class=\"has-black-color has-text-color has-link-color wp-elements-9711065999c4a6815aad0a6738b6c5b1\">Al fine di recepire le disposizioni introdotte dal D. lgs. 24\/2023, \u00e8 stata adottata una Procedura per la segnalazione di irregolarit\u00e0 e violazioni del Codice Etico.<\/p>\n\n\n\n<p class=\"has-black-color has-text-color has-link-color wp-elements-b600c731e1f4715cbe84ef1b7203689a\"><strong>Chi pu\u00f2 inviare le segnalazioni<\/strong><\/p>\n\n\n\n<p class=\"has-black-color has-text-color has-link-color wp-elements-1d80fa19caee3aa78940e0b5414a90a8\">Le segnalazioni possono essere inviate, a titolo esemplificativo e non esaustivo, da: dipendenti, lavoratori autonomi, titolari di un rapporto di collaborazione, liberi professionisti, consulenti, tirocinanti, fornitori, azionisti ed amministratori e comunque chiunque abbia un rapporto di lavoro con la societ\u00e0.<\/p>\n\n\n\n<p class=\"has-black-color has-text-color has-link-color wp-elements-45fec23049caffa228b10430ad700708\"><strong>Cosa pu\u00f2 essere segnalato<\/strong><\/p>\n\n\n\n<p class=\"has-black-color has-text-color has-link-color wp-elements-331ed7f12330371069b87d8ca32e7b5e\">Le segnalazioni, che dovranno essere il pi\u00f9 circostanziate possibile, devono riguardare le violazioni che rientrano nell\u2019ambito di applicazione di cui all\u2019art. 2 del D.Lgs. 24\/2023 che possono ledere l\u2019integrit\u00e0 dell\u2019ente, inclusi gli illeciti amministrativi, contabili, civili o penali, escluse le segnalazioni circa i rapporti individuali di lavoro. Non saranno prese in considerazione le segnalazioni non rientranti nell\u2019ambito oggettivo di applicazione della normativa.<\/p>\n\n\n\n<p class=\"has-black-color has-text-color has-link-color wp-elements-13331e65de5405a87caf05a9a79ab8f6\"><strong>Come segnalare<\/strong><\/p>\n\n\n\n<p class=\"has-black-color has-text-color has-link-color wp-elements-37353570c1fee2f81f29e30007a79595\">Le segnalazioni\u00a0<em>whistleblowing<\/em>\u00a0devono essere trasmesse accedendo all\u2019apposito applicativo informatico per le segnalazioni <a href=\"https:\/\/acquaenna.segnalazioni.net\/\" data-type=\"link\" data-id=\"https:\/\/acquaenna.segnalazioni.net\/\">CLICCA QUI<\/a><\/p>\n\n\n\n<p><\/p>\n","protected":false},"excerpt":{"rendered":"<p>Riferimenti Normativi Al fine di recepire le disposizioni introdotte dal D. lgs. 24\/2023, \u00e8 stata adottata una Procedura per la segnalazione di irregolarit\u00e0 e violazioni del Codice Etico. Chi pu\u00f2 inviare le segnalazioni Le segnalazioni possono essere inviate, a titolo&hellip;<\/p>\n<p class=\"more-link-p\"><a class=\"more-link\" href=\"https:\/\/www.acquaenna.it\/index.php\/whistleblowing\/\">Read more &rarr;<\/a><\/p>\n","protected":false},"author":2,"featured_media":0,"parent":0,"menu_order":0,"comment_status":"closed","ping_status":"closed","template":"","meta":{"footnotes":""},"class_list":["post-5553","page","type-page","status-publish","hentry"],"publishpress_future_action":{"enabled":false,"date":"2026-05-22 19:11:02","action":"change-status","newStatus":"draft","terms":[],"taxonomy":""},"_links":{"self":[{"href":"https:\/\/www.acquaenna.it\/index.php\/wp-json\/wp\/v2\/pages\/5553","targetHints":{"allow":["GET"]}}],"collection":[{"href":"https:\/\/www.acquaenna.it\/index.php\/wp-json\/wp\/v2\/pages"}],"about":[{"href":"https:\/\/www.acquaenna.it\/index.php\/wp-json\/wp\/v2\/types\/page"}],"author":[{"embeddable":true,"href":"https:\/\/www.acquaenna.it\/index.php\/wp-json\/wp\/v2\/users\/2"}],"replies":[{"embeddable":true,"href":"https:\/\/www.acquaenna.it\/index.php\/wp-json\/wp\/v2\/comments?post=5553"}],"version-history":[{"count":8,"href":"https:\/\/www.acquaenna.it\/index.php\/wp-json\/wp\/v2\/pages\/5553\/revisions"}],"predecessor-version":[{"id":5564,"href":"https:\/\/www.acquaenna.it\/index.php\/wp-json\/wp\/v2\/pages\/5553\/revisions\/5564"}],"wp:attachment":[{"href":"https:\/\/www.acquaenna.it\/index.php\/wp-json\/wp\/v2\/media?parent=5553"}],"curies":[{"name":"wp","href":"https:\/\/api.w.org\/{rel}","templated":true}]}}