{"id":766,"date":"2014-03-12T14:19:32","date_gmt":"2014-03-12T14:19:32","guid":{"rendered":"http:\/\/www.acquaenna.it\/?page_id=766"},"modified":"2014-03-12T14:19:32","modified_gmt":"2014-03-12T14:19:32","slug":"legenda-parametri","status":"publish","type":"page","link":"https:\/\/www.acquaenna.it\/index.php\/qualita-dellacqua\/legenda-parametri\/","title":{"rendered":"Legenda Parametri"},"content":{"rendered":"<p>Per una maggiore informazione si elenca di seguito il significato dei principali parametri:<\/p>\n<p><strong>Concentrazione Ioni Idrogeno (PH)<\/strong>: Indica quanto un\u2019acqua \u00e8 acida (ph inferiore a 7) o basica (superiore a 7),a titolo di esempio \u00e8 acida un\u2019acqua contenente succo di limone ed \u00e8 basica una contenente ammoniaca o soda.<\/p>\n<p><strong>Residuo fisso\u00a0<\/strong>: \u00c8 una misura dei sali disciolti nell\u2019acqua e deriva principalmente dalla presenza degli ioni sodio, potassio, calcio, magnesio, cloruro, solfato e bicarbonato.<\/p>\n<p><strong>Durezza<\/strong>: \u00c8 una caratteristica naturale dell\u2019acqua e si intende il contenuto in sali di calcio e di magnesio, tra questi il pi\u00f9 abbondante \u00e8 il carbonato di calcio. Si esprime in gradi francesi \u00b0F: un grado equivale a 10 mg\/l di carbonato di calcio:<\/p>\n<p>&lt;10 \u00b0F \u00a0 \u00a0 \u00a0 dolce<\/p>\n<p>10-20 \u00b0F \u00a0 \u00a0moderatamente dura<\/p>\n<p>20-30\u00b0F \u00a0 \u00a0 dura<\/p>\n<p>&gt;30\u00b0F \u00a0 \u00a0 \u00a0 \u00a0molto dura<\/p>\n<p>Una durezza media o elevata potr\u00e0 determinare solo variazioni nel gusto dell\u2019acqua.<\/p>\n<p><strong>Conducibilit\u00e0<\/strong>: I sali disciolti nell\u2019acqua consentono il passaggio della corrente elettrica: un valore alto di conducibilit\u00e0 \u00e8 indice di una elevata quantit\u00e0 di sali minerali disciolti nell\u2019acqua.<\/p>\n<p><strong>Calcio<\/strong>: La presenza di calcio nell\u2019acqua \u00e8 dovuta al discioglimento dei minerali. Il calcio contribuisce in maniera rilevante alla durezza totale dell\u2019acqua.<\/p>\n<p><strong>Magnesio<\/strong>: Il magnesio si trova naturalmente nei minerali e, disciolto nell\u2019acqua, contribuisce, come il Calcio, alla durezza totale.<\/p>\n<p><strong>Ammonio<\/strong>: Nelle acque sotterranee l\u2019ammonio pu\u00f2 essere di origine geologica, ma pu\u00f2 trovarvisi perch\u00e9 l\u2019ammoniaca \u00e8 usata come fertilizzante, nei mangimi per animali e nell\u2019industria.<\/p>\n<p><strong>Cloruri<\/strong>: Importanti per l\u2019organismo umano, contribuiscono all\u2019attivit\u00e0 osmotica dei fluidi cellulari. Il cloruro aumenta la conducibilit\u00e0 elettrica delle acque, e conseguentemente il residuo fisso.<\/p>\n<p><strong>Solfati:\u00a0<\/strong>Sono presenti in natura in numerosi minerali e per tale motivo possono essere ritrovati anche nell\u2019acqua potabile.<\/p>\n<p><strong>Potassio<\/strong>: Elemento essenziale nella dieta di piante ed animali. Pu\u00f2 essere naturalmente presente nell\u2019ambiente e pu\u00f2 aumentare per i contributi dell\u2019attivit\u00e0 agronomica.<\/p>\n<p><strong>Sodio<\/strong>: Elemento molto importante per il metabolismo umano, poich\u00e8 serve al mantenimento del bilancio idrico ed alla regolazione osmotica tra i componenti intra ed extracellulari ed \u00e8 abbondante nei composti naturali.<\/p>\n<p><strong>Arsenico<\/strong>: Elemento naturalmente presente in piccole quantit\u00e0 nelle rocce e suoli. A partire dalla fine del XIX secolo \u00e8 stato impiegato in usi industriali, i suoi composti hanno trovato impiego in particolare come antiparassitario nell\u2019industria del legno e in agricoltura. La presenza di Arsenico nelle acque in diverse regioni italiane \u00e8 dovuta a fenomeni naturali legati alla geologia dei suoli e i valori pi\u00f9 alti si trovano in zone a vocazione mineraria per effetto della somma di fattori ambientali e antropici.<\/p>\n<p><strong>Bicarbonato<\/strong>: Sono naturalmente presenti nell\u2019acqua per effetto dell\u2019equilibrio carbonato &#8211;\u00a0bicarbonato e derivano dall\u2019anidride carbonica disciolta nell\u2019acqua che altera successivamente le rocce carbonatiche e silicee. Contribuisce alla durezza e alla capacit\u00e0 tampone dell\u2019acqua.<\/p>\n<p><strong>Cloro residuo<\/strong>: Rappresenta l\u2019indicazione che l\u2019acqua ha subito un processo di disinfezione che garantisce la sicurezza, da un punto di vista microbiologico, durante il trasporto nelle rete di distribuzione.<\/p>\n<p><strong>Fluoruri<\/strong>: Il fluoro si trova in natura nei minerali ed \u00e8 presente nelle acqua, negli organismi animali e vegetali principalmente sotto forma di ione fluoruro.<\/p>\n<p><strong>Nitrati<\/strong>: Sono composti presenti nella acque sia per effetto di fenomeni naturali (ciclo di decomposizione delle sostanze azotate) sia come conseguenza delle attivit\u00e0 dell\u2019uomo.<\/p>\n<p><strong>Nitriti<\/strong>: Sono composti derivanti dalla degradazione dei nitrati.<\/p>\n<p><strong>Manganese<\/strong>: Il manganese \u00e8 un elemento essenziale per gli organismi viventi. \u00c8 uno dei metalli pi\u00f9 abbondanti nella crosta terrestre, e in particolari condizioni ambientali \u00e8 presente in misura abbondante nelle acque di falda.<\/p>\n","protected":false},"excerpt":{"rendered":"<p>Per una maggiore informazione si elenca di seguito il significato dei principali parametri: Concentrazione Ioni Idrogeno (PH): Indica quanto un\u2019acqua \u00e8 acida (ph inferiore a 7) o basica (superiore a 7),a titolo di esempio \u00e8 acida un\u2019acqua contenente succo di&hellip;<\/p>\n<p class=\"more-link-p\"><a class=\"more-link\" href=\"https:\/\/www.acquaenna.it\/index.php\/qualita-dellacqua\/legenda-parametri\/\">Read more &rarr;<\/a><\/p>\n","protected":false},"author":3,"featured_media":0,"parent":762,"menu_order":0,"comment_status":"closed","ping_status":"open","template":"","meta":{"footnotes":""},"class_list":["post-766","page","type-page","status-publish","hentry"],"publishpress_future_action":{"enabled":false,"date":"2026-05-06 01:14:47","action":"change-status","newStatus":"draft","terms":[],"taxonomy":""},"_links":{"self":[{"href":"https:\/\/www.acquaenna.it\/index.php\/wp-json\/wp\/v2\/pages\/766","targetHints":{"allow":["GET"]}}],"collection":[{"href":"https:\/\/www.acquaenna.it\/index.php\/wp-json\/wp\/v2\/pages"}],"about":[{"href":"https:\/\/www.acquaenna.it\/index.php\/wp-json\/wp\/v2\/types\/page"}],"author":[{"embeddable":true,"href":"https:\/\/www.acquaenna.it\/index.php\/wp-json\/wp\/v2\/users\/3"}],"replies":[{"embeddable":true,"href":"https:\/\/www.acquaenna.it\/index.php\/wp-json\/wp\/v2\/comments?post=766"}],"version-history":[{"count":0,"href":"https:\/\/www.acquaenna.it\/index.php\/wp-json\/wp\/v2\/pages\/766\/revisions"}],"up":[{"embeddable":true,"href":"https:\/\/www.acquaenna.it\/index.php\/wp-json\/wp\/v2\/pages\/762"}],"wp:attachment":[{"href":"https:\/\/www.acquaenna.it\/index.php\/wp-json\/wp\/v2\/media?parent=766"}],"curies":[{"name":"wp","href":"https:\/\/api.w.org\/{rel}","templated":true}]}}